- 11*j - 54*j**3 + 8*j**3 - 5. Is z(b) composite?
True
Suppose g + g + 14 = 0. Let v(y) = -6*y - 32. Let r be v(g). Suppose -10223 = -r*d - 3453. Is d a composite number?
False
Let z be 4/6*(-45)/10. Let k(n) = -n**3 - 3*n**2 - n - 3. Let p be k(z). Let u(o) = 3*o + 53. Is u(p) a composite number?
False
Let i(k) = -k**2 + 18*k - 30. Let n be i(13). Let h = 46 - n. Let u(w) = w**3 - 7*w**2 - 23*w - 20. Is u(h) prime?
True
Suppose -128795 = -7*y + 544164. Is y composite?
False
Suppose 2*o + 3*r = 8, -3*r + 3 = 4*o - 7. Let f(y) be the first derivative of 481*y**4/4 + y**3/3 + y**2/2 - 2*y + 2262. Is f(o) a composite number?
True
Let y(k) = -k**3 - 23*k**2 - 43*k - 15. Let i be y(-21). Suppose 9 = -r - 4*m, -i*r + 2*m = -r - 21. Is (-2)/((-1 + (-4531)/(-4533))*r) prime?
True
Suppose 0 = 4*o - 14 - 6. Let c = o - 98. Let d = c + 175. Is d composite?
True
Suppose 4*s = -28, 414712 = 8*h + s - 637753. Is h a composite number?
True
Let k(y) = 26*y**3 + 7*y**2 + 40*y + 75. Is k(14) a composite number?
False
Suppose 1808*l = 1753*l + 15933445. Is l a composite number?
True
Suppose 0 = 6*f - 141 - 621. Let x = -39 - -39. Let r = f - x. Is r a composite number?
False
Suppose -7*c + 42 = -28. Suppose -c*w = -2*x + 22850, 4*x - 3*w = 259 + 45475. Is x composite?
True
Let d = 31 - -53. Suppose y + 3*l - 380 = 0, -d = -y - l + 304. Let n = y + -215. Is n a composite number?
True
Suppose 0 = 5*g - 3*t + 6, g = -3*t + 5*t - 4. Suppose g = -6*c - 8892 + 182418. Is c prime?
True
Let x = 753156 + -484753. Is x prime?
True
Let q(v) = -10*v**3 - 16*v**2 + 23*v. Let p(f) = -9*f**3 - 17*f**2 + 21*f. Let z(l) = 2*p(l) - 3*q(l). Is z(7) prime?
False
Suppose 5*w - 4 = 51. Suppose -2*b - w = -17. Suppose 4*u - 4*l = u + 507, 2*l = -b*u + 507. Is u composite?
True
Suppose -u + 128 - 127 = 0. Let t(j) = -j**2 + 6*j - 5. Let x be t(u). Is (1756 - 3) + (0 - x) prime?
True
Let r(u) = 10*u**2 - 1. Let m be r(-1). Let y be 1308/m - ((-28)/(-12) + -2). Let v = y - 108. Is v a composite number?
False
Let x = 1200 - 243. Let l be (18/(-10))/(-3)*5. Suppose -x = l*h - 2988. Is h composite?
False
Suppose -4*d + 62*m + 15447 = 63*m, 0 = -4*d - 4*m + 15432. Is d a prime number?
True
Let g = 1050542 - 581485. Is g a composite number?
True
Let a(o) = -78*o**2 + 2*o + 2. Let s be a(3). Let h = s + 3094. Suppose 7*b - h = 3347. Is b a composite number?
False
Suppose 0*d - 44 = -2*d + 4*m, 0 = 3*d - 4*m - 60. Suppose 0 = -4*l - d, -116 + 2678 = -2*z + 3*l. Let b = -730 - z. Is b prime?
True
Let b = 3993 - 505. Suppose -3*n + 1126 = -2*n. Suppose n = 6*k - b. Is k a prime number?
True
Is 1/(-3) + (-7)/(-39) + (-247884348)/(-11388) prime?
True
Let r be -1*0/(1 - 3). Suppose -k + 3*k = r. Suppose o - 2 = k, 6*t - 2*t = 2*o + 2536. Is t composite?
True
Suppose -565*c = -568*c + 3*m + 174234, 5*c + 2*m - 290397 = 0. Is c prime?
False
Let a(o) = -2 - o**2 + 14*o - 1 - 10 + 2. Let g be a(13). Let i(c) = 355*c - 3. Is i(g) a prime number?
False
Let v(t) = -t**3 - 14*t**2 - 46*t - 17. Let q be v(-9). Is (37 - 0)*(q - -79) prime?
False
Suppose 1 = -2*m + 29. Let y be 20419/m*2/(-1). Let c = -1664 - y. Is c a prime number?
False
Let w(k) = -17271*k - 376. Let q(d) = 5*d + 1. Let y(o) = -4*q(o) - w(o). Is y(5) prime?
True
Suppose -n + 16*n + 30 = 0. Let a be 2 + n + -2 + 2. Suppose a = 3*j + 4*j - 301. Is j composite?
False
Suppose 0 = 4*i + 73046 + 34746. Is 9 + -15 + i/(-4) prime?
False
Let y = -27 - -16. Let u(b) be the second derivative of -5*b**3/6 + 2*b**2 + b - 5. Is u(y) a prime number?
True
Let t be (-76)/(-3) - 12/(-18). Let f = 2243 + -3304. Let r = t - f. Is r composite?
False
Let v(o) be the third derivative of 0*o + 27*o**2 + 0 + 11/8*o**4 - 8*o**3. Is v(15) a composite number?
True
Let m = 162943 + -42408. Is m a prime number?
False
Let t = 174 + -200. Let l(k) = -91*k + 93. Is l(t) prime?
True
Let x(n) = -47*n**3 - 29*n**2 + 112*n - 41. Is x(-20) composite?
True
Is (51 - -2483) + (-2 - -1) composite?
True
Let i(w) = -10*w + 124. Let r be i(13). Suppose 3*s = -a + 4*s + 3, 5*s + 31 = -3*a. Is 0 + (-1096 + r)*a/4 composite?
True
Suppose 5*m = -2*a + 443236 + 214561, -2*m + 263126 = -a. Is m prime?
True
Suppose 20*y - 1 = 18*y - 3*w, y + 4*w + 2 = 0. Let i = 6 + -8. Is (y/4)/(i/(-844)) a composite number?
False
Suppose 2*n + 10327228 = 70*n. Is n a composite number?
False
Let t = 1 - -4. Suppose t*r = 11*r - 30. Suppose -86 = -p - 3*u + 197, 3*u - 1367 = -r*p. Is p a composite number?
False
Let r = 488 + 1011. Is r a prime number?
True
Is (-1623)/((-22)/(-68) - 4/((-136)/(-17))) prime?
False
Let d(f) = 25611*f + 1118. Is d(3) a composite number?
False
Let x(n) = n**3 + 8*n**2 + 7*n + 2. Let b be x(-7). Let l(j) = -5 + 6 + 6 + 37*j - 36*j. Is l(b) prime?
False
Let x = 903 - -1086. Suppose -19*i = -15*i + 2*i + 5868. Let k = i + x. Is k prime?
False
Let n = 46504 + -27434. Suppose 3*f + 5*y - 19 = f, 5*f = 4*y + 64. Suppose 2*j = f*j - n. Is j a prime number?
True
Suppose -w = -4*w + 15. Suppose -w*v + x + 37641 = 0, -2*v - x + 15070 = 2*x. Suppose -3*y + v = -5074. Is y a composite number?
False
Let s = -486 + 287. Let u = 294 - 135. Let j = u - s. Is j a prime number?
False
Let g(x) = 5*x - 30. Let y be g(14). Suppose -y*z + 5468 = -36*z. Is z prime?
True
Let w be ((-6)/4)/((-12)/85312). Suppose -t = 5*n - 2666, 4*t + 5*n - 4*n - w = 0. Suppose t = 8*f + 322. Is f prime?
True
Suppose 4*o = 4*n - 1059780, 8*o = -4*n - 52805 + 1112633. Is n a composite number?
False
Let r(o) = 8*o + 61. Let j be r(-7). Suppose -21*p + 18*p = -j*v + 1948, -2*v + 5*p = -783. Is v a prime number?
True
Let b(o) be the second derivative of 97*o**3/6 + 143*o**2/2 - 46*o. Is b(44) a composite number?
True
Let v = 409 - 406. Suppose 3*k + 28552 = v*n + 4*k, 2*n = 5*k + 19029. Is n composite?
True
Let c be 6 - 11730/1 - 7. Let k = c + 29340. Is k a composite number?
False
Let d be -5*(7/(-49) - 102/70). Is -3 + 101585/20 - (-6)/d composite?
False
Let r be ((-42)/105)/((2/(-160))/1). Is 8224/r - (-3 + 1) composite?
True
Let m(d) = 192*d - 5. Let a be m(15). Suppose 3*h + 6*r - r = a, 2*h - 1904 = 3*r. Is h composite?
True
Suppose 2632*b - 2620*b = 2312796. Is b prime?
False
Suppose -v = 3*r - 1034853, 1386*r - 1390*r - 5*v + 1379804 = 0. Is r prime?
False
Suppose -2*j + 119216 = 2*j. Suppose 0 = 11*s - j - 49286. Is (1*-2)/((-20)/s) a prime number?
True
Let y(f) = 22*f**2 + 13*f + 4. Let x be y(16). Suppose -3*o - 3665 = 8176. Let a = o + x. Is a prime?
False
Suppose -2008 = -4*v - 3*f, 10*v + 5*f - 3515 = 3*v. Suppose 0 = 5*u - 3*t - 620, -82 - 42 = -u + 2*t. Suppose -3*o = u - v. Is o a composite number?
False
Suppose -20*r = -34 - 6. Suppose -5*k - 3*h = -4*h - 31475, 0 = r*h. Is k prime?
False
Let k = -440 + 441. Let r(o) = 10007*o**3 - 5*o**2 + 6*o - 1. Is r(k) prime?
True
Let d(y) = -y**3 + 11*y**2 + 6*y - 27. Let w be d(11). Suppose 5*p - 8*p = -w. Is ((3 - -2) + -3)*p prime?
False
Suppose 2*u = -5*r + 418455, -197010 + 29652 = -2*r + 4*u. Is r a composite number?
False
Let w = 256319 - 88608. Is w a prime number?
True
Is 6868*(-1)/(-4) - 6 prime?
False
Let m(z) be the first derivative of 443*z**3/3 + 4*z**2 + 4*z - 19. Is m(-3) a prime number?
True
Let v(h) = -41*h**3 - 13*h**2 + 36*h + 10. Let b be v(7). Is b/5*(-10)/(-8)*-2 prime?
True
Let j = -1027 - -2009. Is j a prime number?
False
Suppose 5*i = 39 + 161. Suppose 0*w = -4*k + 3*w + 109, 2*k = 4*w + 62. Let o = i - k. Is o composite?
True
Let o be (-1 - 2)/((-6)/8). Suppose o*n = -3*n - 4795. Let v = -16 - n. Is v a prime number?
False
Let k be 2/11 + (-7)/(-77)*31. Suppose -3*j - 5*b - 157 = 0, -j + b = 2*j + 127. Is 4/22 + (k - 6856/j) prime?
False
Suppose -65*z + d = -61*z - 1747869, 3*z = -d + 1310914. Is z prime?
False
Let t = -17965 + 35588. Is t composite?
False
Suppose 2*p - 31 = -5*u, -4*u = -2*p + 14 - 28. Suppose -6*m + 3*t = -9*m + 15117, 3*t + 15117 = p*m. Is m composite?
False
Suppose 0 = -181*j + 187*j + 10326. Let b = j - -4184. Is b composite?
True
Suppose -125024 = -6*x + 183574. Is x a composite number?
True
Suppose 5*p + 3*j - 485 = 0, -p + 213 = p + 5*j. Let l be -3*(p - (3 - -2)). Let c = 476 + l. Is c prime?
False
Let y(c) = 31*c**2 - 6. Let l be 50/(-8) - 65/(-52). Is y(l) a prime number?
True
Let m(g) = -3*g. Let t be m(-2). 